{"id":49,"date":"2025-04-03T13:06:04","date_gmt":"2025-04-03T13:06:04","guid":{"rendered":"https:\/\/vizyon.storepos.nl\/?page_id=49"},"modified":"2025-04-04T07:57:41","modified_gmt":"2025-04-04T07:57:41","slug":"hakkinda","status":"publish","type":"page","link":"https:\/\/vizyon.storepos.nl\/?page_id=49","title":{"rendered":"HAKKIMDA"},"content":{"rendered":"\n<div class=\"wp-block-cover has-medium-font-size wp-duotone-unset-1\" style=\"min-height:698px;aspect-ratio:unset;\"><span aria-hidden=\"true\" class=\"wp-block-cover__background has-background-dim-40 has-background-dim\"><\/span><img loading=\"lazy\" decoding=\"async\" width=\"768\" height=\"576\" class=\"wp-block-cover__image-background wp-image-50\" alt=\"\" src=\"https:\/\/vizyon.storepos.nl\/wp-content\/uploads\/2025\/04\/vizyon-1.png\" style=\"object-position:50% 50%\" data-object-fit=\"cover\" data-object-position=\"50% 50%\" srcset=\"https:\/\/vizyon.storepos.nl\/wp-content\/uploads\/2025\/04\/vizyon-1.png 768w, https:\/\/vizyon.storepos.nl\/wp-content\/uploads\/2025\/04\/vizyon-1-300x225.png 300w\" sizes=\"auto, (max-width: 768px) 100vw, 768px\" \/><div class=\"wp-block-cover__inner-container is-layout-flow wp-block-cover-is-layout-flow\">\n<h1 class=\"wp-block-heading has-text-align-center has-white-color has-text-color has-link-color wp-elements-04a0c6866774a40d3498d0f05f175d30\"><strong><em>HAKKINDA<\/em><\/strong><\/h1>\n\n\n\n<p class=\"has-text-align-center has-white-color has-text-color has-link-color has-medium-font-size wp-elements-f3bbac14a3c296a1349eda35a2e2f8f7\"><strong><em>Yeni Sezona ve Yeni Bir Ba\u015flang\u0131ca Ho\u015f Geldiniz. Size Her Mutlulu\u011fu Dileriz. ^vizyon Teras^Size Rahat Bir Ortam ve Birinci S\u0131n\u0131f Bir Men\u00fc Aras\u0131nda S\u0131cak Bir Kar\u015f\u0131lama ve Keyifli Bir Ziyaret Diler. Neden Gelip Uzman \u015eefimiz Taraf\u0131ndan Sadece En Taze Mevsim \u00dcr\u00fcnleriyle Haz\u0131rlanan Leziz Lezzetlerimizi Denemiyorsunuz? Vizyon Hikayemiz, Yolculu\u011fumuza 2016&#8217;da Ba\u015flad\u0131k ve Kahvalt\u0131dan Ak\u015fam Yeme\u011fine S\u0131cak ve Samimi Bir Atmosfer Sunmak \u0130\u00e7in \u00c7ok \u00c7al\u0131\u015ft\u0131k. Rahat Bir Ziyaretin ve Keyifli Konservelerin Tad\u0131n\u0131 \u00c7\u0131karabilirsiniz. T\u00fcm B\u00f6lgesel Men\u00fclerde ve Uluslararas\u0131 Mutfakta Uzmanla\u015ft\u0131k. Her Duruma, D\u00fc\u011f\u00fcnlere, Do\u011fum G\u00fcnlerine, Y\u0131ld\u00f6n\u00fcmlerine veya Sadece \u00d6zel Bir Bulu\u015fmaya Hizmet Verebiliriz. Personelimiz Ziyaretinizi \u00d6zel Bir An\u0131ya D\u00f6n\u00fc\u015ft\u00fcrmek \u0130\u00e7in Burada\u2026<\/em><\/strong><\/p>\n<\/div><\/div>\n","protected":false},"excerpt":{"rendered":"","protected":false},"author":1,"featured_media":0,"parent":0,"menu_order":0,"comment_status":"closed","ping_status":"closed","template":"","meta":{"footnotes":""},"class_list":["post-49","page","type-page","status-publish","hentry"],"_links":{"self":[{"href":"https:\/\/vizyon.storepos.nl\/index.php?rest_route=\/wp\/v2\/pages\/49","targetHints":{"allow":["GET"]}}],"collection":[{"href":"https:\/\/vizyon.storepos.nl\/index.php?rest_route=\/wp\/v2\/pages"}],"about":[{"href":"https:\/\/vizyon.storepos.nl\/index.php?rest_route=\/wp\/v2\/types\/page"}],"author":[{"embeddable":true,"href":"https:\/\/vizyon.storepos.nl\/index.php?rest_route=\/wp\/v2\/users\/1"}],"replies":[{"embeddable":true,"href":"https:\/\/vizyon.storepos.nl\/index.php?rest_route=%2Fwp%2Fv2%2Fcomments&post=49"}],"version-history":[{"count":5,"href":"https:\/\/vizyon.storepos.nl\/index.php?rest_route=\/wp\/v2\/pages\/49\/revisions"}],"predecessor-version":[{"id":83,"href":"https:\/\/vizyon.storepos.nl\/index.php?rest_route=\/wp\/v2\/pages\/49\/revisions\/83"}],"wp:attachment":[{"href":"https:\/\/vizyon.storepos.nl\/index.php?rest_route=%2Fwp%2Fv2%2Fmedia&parent=49"}],"curies":[{"name":"wp","href":"https:\/\/api.w.org\/{rel}","templated":true}]}}